.
27
Let d = -17 + 145. Suppose 2*w = -2 + 8. Suppose 27 = w*k - 21. What is the highest common factor of k and d?
16
Let i = -480 - -520. What is the greatest common factor of 28 and i?
4
Let j be ((528/64)/(-33))/((-1)/248). What is the highest common divisor of j and 62?
62
Let c(f) = 3*f - 95. Let y be c(33). Let g be ((-378)/(-49))/((-3)/(-14)). What is the highest common divisor of g and y?
4
Suppose 2 = -3*a + 8, 5*d + 4*a = 28. Suppose -d*n + 9 + 27 = 0. What is the greatest common divisor of n and 63?
9
Let d(a) = 117*a - 26. Let o be d(1). Suppose -5*l + 52 = -3*l. Calculate the greatest common factor of l and o.
13
Suppose -337*h = -336*h - 1. Suppose v - 5*r + 15 = 0, -8*v + 3*v + r + 21 = 0. Calculate the highest common factor of h and v.
1
Suppose p + 298 = 3*m, 5*m = 2*p + 541 - 44. Let o be 1/(3 + 104/(-36)). Let s = 20 - o. What is the highest common factor of m and s?
11
Suppose -3*l + 7*l = 16. Let c(n) = -4*n + 23. Let z be c(l). Let h = -40 - -117. Calculate the highest common factor of z and h.
7
Let b = 118 + -19. What is the highest common factor of 11 and b?
11
Suppose 5*v - p - 1153 = 0, 6*v = 8*v - 4*p - 472. Calculate the highest common factor of v and 115.
115
Let r = 221 + -149. What is the greatest common divisor of r and 792?
72
Let l be -2*(-4)/(2 + 6). Let t = 6 - 13. Let u = l - t. What is the highest common factor of 20 and u?
4
Suppose 0 = 6*l - 7*l + 5. Suppose -23 = -d + q, 0 = l*d - q + 2*q - 97. Let m be 16/d + 228/15. Calculate the greatest common factor of 80 and m.
16
Let l(t) = 34*t**2 + t - 2. Let b be l(1). Suppose -b = -0*z - z. Suppose 2 = 2*r - 4, -2*w + 5*r = -z. Calculate the highest common factor of w and 3.
3
Let d be (2 - -231) + -4 + 3. Suppose -4*j + 16 = -0*j. Suppose 4*z - k = 116, 2*z + 58 = j*z + 2*k. What is the highest common factor of z and d?
29
Let x = -23 - -33. Let r = x + -8. Suppose -3*n - r*z = -46, -5*n + 98 = -0*n - 2*z. What is the greatest common divisor of 198 and n?
18
Suppose -2*l - 20 = 24. Let o = 26 + l. Suppose -60 = -2*p - o*s, 3*s - 2*s + 3 = 0. What is the highest common divisor of 24 and p?
12
Let s(c) = 12*c + 2. Let k = 20 - 19. Let q be s(k). Suppose q = -0*l + 2*l. What is the highest common factor of l and 77?
7
Let l(n) = -3*n. Let t be l(-5). Suppose 4*c - t = c. Suppose 3*i + w + 0*w = 292, -c*i + w = -476. Calculate the highest common factor of i and 12.
12
Suppose 0*o - 3*o = -2*u - 74, -2*o + 2*u = -48. Suppose r = -r + o. What is the greatest common factor of 143 and r?
13
Let q = -1193 - -1676. Let j = q + -259. Calculate the greatest common divisor of 28 and j.
28
Let u(i) = -3*i**2 - 85*i - 105. Let y be u(-15). What is the greatest common factor of 30 and y?
15
Let x(n) = 2*n**3 + 21*n**2 + 12*n - 81. Let w be x(-9). What is the highest common divisor of 117 and w?
9
Suppose 0 = -k + 2*k + 4*p - 85, -3*p + 237 = 3*k. Suppose 5*t + 4*m = 15, -3*t + 3*m - 5*m = -11. Calculate the greatest common divisor of t and k.
7
Let k(d) = -2*d - 14. Suppose 3*v - v = -22. Let z be k(v). Let f be 66/10*(z + -3). What is the greatest common divisor of f and 11?
11
Suppose -140 = -2*y - 14. Suppose -3*f + 32 = -5*s, -3*s - 3 = -f + 9. Calculate the greatest common factor of f and y.
9
Let x = 99 - 155. Let w = -46 - x. Calculate the greatest common factor of 15 and w.
5
Let k(m) = 5*m**3 - 6*m**2 + 12*m - 13. Let g be k(4). Calculate the highest common factor of 7 and g.
7
Let v(a) = -3 + 2 - 3*a**2 + 0*a**2 - 50*a**3 + 4*a**2. Let j be v(-1). What is the highest common factor of j and 20?
10
Let h be 8/3 + 2/6. Let r = 0 + -69. Let m = r + 81. Calculate the highest common factor of h and m.
3
Let i(k) = 31*k - 259. Let o be i(9). Calculate the highest common factor of 290 and o.
10
Let l be ((-21)/6 - 2*-2)*94. Calculate the highest common divisor of l and 1.
1
Let j(a) = -2*a - 14. Let t be j(-9). Suppose 3*q = 5*q + t. Let d be ((-88)/(-16))/((-1)/q). What is the highest common factor of 1 and d?
1
Let i = -38 + 85. What is the highest common factor of 94 and i?
47
Let o be (-7)/(-35) - (-267)/15. Let l be (24/(-80)*2)/((-1)/15). What is the highest common factor of o and l?
9
Suppose 0*p - 455 = -5*p. Let r = p - 55. Let v = -14 + r. Calculate the highest common factor of 44 and v.
22
Let k be 39/(1 - 1/(-2)). Let o(w) = -3*w + 4*w - 1 - 6 + 11*w. Let r be o(6). Calculate the greatest common factor of k and r.
13
Let h = -141 + 137. Let t be 5 + 1 + 422 - h. Calculate the greatest common factor of t and 54.
54
Let v = 11 + -4. Suppose w + 5*k = -17, 3*k - 17 = -w - 3*w. Suppose -w*d + 66 = 10. Calculate the highest common factor of d and v.
7
Let q(h) = 149*h + 9. Let j(t) = -37*t - 2. Let m(y) = 9*j(y) + 2*q(y). Let z be m(-1). What is the highest common factor of 5 and z?
5
Let a(f) = -3*f**2. Let w be a(-2). Let y be (w/10)/((-4)/30). Let n be (y/(-12))/((-2)/32). What is the highest common divisor of 18 and n?
6
Suppose -o + 46 = -2*g, -5*o - 4 + 192 = 4*g. What is the greatest common divisor of o and 320?
40
Let a be (0 + -50)*22/(-4). What is the greatest common divisor of 110 and a?
55
Let f = -28 - -61. What is the greatest common divisor of 55 and f?
11
Suppose t = 5*q + 84, -q - 16 = 3*q. Suppose 4*o - 2*o - 4*i = t, 2*o - i = 49. What is the highest common factor of o and 22?
22
Let r be 1 + (-3 - 2) + 49. What is the highest common divisor of r and 15?
15
Let a be (-12)/10*(-20)/3. Suppose -117 = 4*d - 469. Calculate the greatest common factor of d and a.
8
Let c be 6/21 + (-3)/((-21)/(-394)). Let f = -54 - c. Calculate the highest common divisor of 10 and f.
2
Let z(f) = f**2 - 21*f + 143. Let v be z(17). What is the highest common divisor of 120 and v?
15
Suppose 4*l - 20 = 4. Suppose -l - 6 = -6*y. Suppose y*k + 50 = 7*k. What is the highest common factor of k and 20?
10
Let l be -60*18/(-81)*(-3)/(-1). Let u = 197 - 117. What is the greatest common divisor of l and u?
40
Let f(o) = -o**2 + 10*o + 27. Let r be (-42)/(-4) + 3/6. Let x be f(r). Calculate the greatest common divisor of x and 48.
16
Let h(f) = -f**3 - 7*f**2 + 8*f + 4. Let i be h(-7). Let o = i + 116. Calculate the highest common divisor of o and 16.
16
Let u = -753 - -861. Calculate the highest common factor of u and 594.
54
Suppose -4*h + 141 + 53 = -2*f, h = -5*f + 43. What is the highest common factor of h and 15?
3
Let q(k) = k**3 - 5*k**2 - 7*k - 6. Let r be q(7). Let d = -2887 + 3016. Calculate the highest common factor of r and d.
43
Let r = -28 - -41. Let n(d) = d + 6. Let i be n(-4). Suppose -3*l - w + 433 = 0, -4*w + 372 = i*l + 70. What is the greatest common divisor of l and r?
13
Let s = -42 - -106. Suppose -s = -2*i - 4*x, -2*i + 2*x + 64 = i. What is the highest common divisor of i and 16?
8
Let m = -10 + 22. Let l = 2014 + -2002. What is the greatest common divisor of m and l?
12
Let h be 78/12 + 1/(-2). Let z be 4/(-22) + h/33. Suppose 110 = 6*o - o - a, z = 3*a. What is the highest common divisor of o and 11?
11
Suppose 5*a + r + 2*r - 180 = 0, 2*r - 144 = -4*a. Suppose 0 = -2*q - x + 16, 0 = 4*q - 5*q + 5*x + 19. What is the highest common factor of q and a?
9
Let a = -1518 - -2147. What is the greatest common divisor of a and 17?
17
Suppose 5*s - 136 = 3*t, 9*t = 2*s + 6*t - 49. Suppose 25*p - s*p = -8. Calculate the greatest common divisor of 26 and p.
2
Suppose 2*z - 7*z + 520 = 0. Suppose z = 3*w - 58. Suppose -9*o - 397 = -14*o - 4*l, 3*l = -o + 75. Calculate the greatest common factor of o and w.
27
Suppose -3*c - 245 = 55. Let j = 325 + c. What is the greatest common divisor of 25 and j?
25
Let t be 0 + 4/(-8)*-2. Let m be (t - -14)*(-4)/(-5). Calculate the highest common factor of m and 4.
4
Let p(h) = -h**3 + 12*h**2 - 11*h + 5. Let k be p(11). Suppose -y + k = 4*m - 3*m, 0 = y + 5*m - 1. Calculate the highest common divisor of y and 30.
6
Suppose 0 = 8*s - 645 - 115. What is the greatest common divisor of s and 152?
19
Suppose 149*v = 167*v - 26892. What is the greatest common divisor of v and 18?
18
Let b(l) = 3*l**2 + 5*l + 4. Let p be b(-4). Calculate the highest common factor of 160 and p.
32
Let m be 52/9 + 4/18. Let i = 95 + -49. Let d = -28 + i. Calculate the greatest common factor of d and m.
6
Suppose -3*n + 101 = y, -n - 1 = -2*y - 2